lse
Let q = -24 + 39. Let j(l) = l**2 - 6*l + 10. Let i be j(q). Let k = 436 - i. Is k prime?
False
Is 8 + (15 + -8 - -7232) a composite number?
False
Suppose 2*i = 3*i + 3*w + 18, -22 = 4*i + 2*w. Let n be (-2)/i - (-229)/3. Suppose u - n = 2*m, m + 231 = 2*u + u. Is u a composite number?
True
Let x(q) = q**3 - 3*q**2 - 37*q + 7. Is x(18) a composite number?
False
Is ((-10980)/8 - 3)*2/(-3) a composite number?
True
Let b = 580 - 883. Let q = 686 + b. Is q prime?
True
Suppose -2*y = 3*u - u - 4750, 3*y - 11879 = -5*u. Suppose -4*j + 2319 = b - 843, 2*b = 3*j - u. Is j a composite number?
True
Suppose 3*p + 5*x - 9044 = 0, -2*p + 2*x = -p - 3022. Let q = p + -407. Is q composite?
True
Suppose 4*y - 4*f = 26016, -y = -2*y + 5*f + 6508. Is y prime?
False
Let x = 4860 - 1811. Is x a composite number?
False
Suppose -3*l = -1 - 8. Let x be (l*-1)/(6 + -7). Is ((-669)/(-9) - 0)*x a composite number?
False
Let p = 96 + 115. Let r = -96 + p. Is r composite?
True
Suppose 3*j + 19345 = 6*j + 5*v, v + 12888 = 2*j. Is j a prime number?
False
Let z(j) = -j + 12. Let h be z(9). Suppose -4*c = -5*s + 27, 2*s - h*c - 15 = -0*c. Suppose s*m - o = -0*m + 209, 0 = -2*m - o + 146. Is m a composite number?
False
Let d be 6/(-18)*(-55 + -2). Suppose -2*l + 0*l - 2*g + 14 = 0, 0 = l + 4*g - d. Suppose -l*o + 79 = -62. Is o a composite number?
False
Suppose 5*f - 1264 = -r + 5571, 0 = -f - 2*r + 1367. Is f a composite number?
False
Let g(d) be the third derivative of 4*d**2 - 1/4*d**4 + 13/6*d**3 + 0*d + 0. Is g(-11) prime?
True
Suppose 23 = 2*q - 6*l + 3*l, 4*q + 2*l = 6. Let k be ((-32)/(-24))/(q/9). Suppose -6 = -k*h, 4*h + 836 = 5*i - 51. Is i a prime number?
True
Let m be 0*2/4 - (-285)/95. Is 27/9 + (1 - m) + 1498 composite?
False
Suppose 4*n = 3*r + 10087, 51*r - 53*r = 2. Is n composite?
False
Let u(k) = -k**3 - k**2 + 4*k + 11. Is u(-18) composite?
True
Let j(k) = -k**3 + k - 15. Let w be j(0). Is (w/25 - 2/5)*-38 a prime number?
False
Suppose u - 2*f = 1371, 5*f + 5469 = 4*u - 0*f. Is u composite?
False
Let c = 249 - -148. Is c a prime number?
True
Let w(g) = -2*g**2 - 1 + 9 + 11*g**2 - 17*g + 3*g**2. Is w(11) a prime number?
False
Let r = 10 - 11. Let m(v) = -725*v - 6. Is m(r) a composite number?
False
Let j = -1930 + 1200. Let k = j + 67. Is (-1)/((12/k)/4) prime?
False
Let d(l) = 35*l - 9. Suppose -5 + 0 = -5*x - 5*b, 5*x + b = 17. Is d(x) a prime number?
True
Let j(k) = k**3 - 11*k**2 - 11*k - 7. Let h be j(12). Suppose 0 = -5*u - 4*a + 3155, 3*a = h*u + 2*a - 3155. Is u a prime number?
True
Let q = 33165 + -15428. Is q composite?
False
Is (3/(-2) + 2)/((-3)/(-21786)) a prime number?
True
Suppose -12 = -d - 2*p + 2, -3*p - 56 = -4*d. Suppose -k = 2*k - 12, i = -3*k + d. Suppose i*l - 137 = -3. Is l prime?
True
Let a = 71 - -100. Suppose 366 = 3*m - a. Is m a composite number?
False
Suppose 0 = 2*h - 3 - 1. Is 0/(-4 - h) - -1663 a composite number?
False
Let d be -4*32 - (2 - 0). Let a(z) = z**2 - 2*z + 2. Let i be a(-4). Is 4/i + (-4790)/d prime?
True
Suppose 0 = 4*z - 2*t - 105226, 77*z - 76*z - 5*t - 26284 = 0. Is z prime?
True
Let q be ((-6)/(-4))/(36/48). Suppose 3*g = -b + 2 - 7, 0 = q*b + 5*g + 7. Is (-479)/((4 - 9) + b) a composite number?
False
Let g(l) = -l**2 + 13*l - 18. Let f be g(13). Is (-3*2/f)/((-8)/(-3336)) a prime number?
True
Let r(v) = 58*v**2 - 56*v + 101. Is r(-58) composite?
False
Let p(j) be the third derivative of j**7/280 - 11*j**5/120 - j**4/4 - 7*j**2. Let q(o) be the second derivative of p(o). Is q(-10) a composite number?
True
Let r = 43 + -24. Let d(n) = n**2 + 11*n + 15. Let g be d(-6). Let u = r - g. Is u a prime number?
False
Let a(p) = 1927*p**2 - 9*p - 9. Is a(-2) prime?
True
Suppose 5*n = -12*q + 8*q + 228311, -5*n = -q - 228291. Is n a composite number?
False
Let k(v) = 16*v**3 - v**2 + v. Suppose -2*x - 5 = 3*x, 4*i + 3*x = 1. Let q be k(i). Suppose 2*g + q = 206. Is g a composite number?
True
Suppose 8 = -3*u + 5*u, -3*u = -3*n - 3. Suppose 1285 = -n*l + 8*l. Is l composite?
False
Is ((-4)/(-6))/(2/3)*8681 a prime number?
True
Let w(j) = 9*j**2 + 4*j - 6. Let h be w(4). Suppose 4*x - h = 2*s, 5*x - 2*s - 3*s - 185 = 0. Let n = x + 6. Is n a composite number?
True
Let v = 20776 - -98713. Is v prime?
True
Let u(z) = 9 + 31*z + 10 - 151*z. Suppose -5*h + 2*o - 7 - 13 = 0, 2*o = 4*h + 14. Is u(h) a prime number?
True
Suppose -2*b + m = 3*m - 906, -5*m = 15. Let v = b - 221. Let w = -26 + v. Is w a composite number?
True
Let n = 657 + -361. Suppose 406 = k - n. Suppose 3*b - 696 = -3*t, -3*b + 5*t - 2*t = -k. Is b a prime number?
True
Let k be 2001/12 - (-6)/(-8). Let z = k + -34. Suppose z = 5*d - d. Is d prime?
False
Let m = 72 - 76. Is (2*m/12)/(8/(-4956)) a prime number?
False
Suppose 12*r + 1325 = 7*r. Is -2 + (7 - 3) - r a prime number?
False
Let g(a) = 423*a + 7. Let m be g(-4). Let i = -1147 - m. Suppose t + i = 3*b, 5*b - 896 = t - 0*t. Is b prime?
True
Suppose -5*z - 12 = -32. Is 0 - 1749/(-9) - z/12 composite?
True
Is 969 + (-1 - -1 - 4 - -2) a prime number?
True
Let s = -29175 + 41212. Is s composite?
False
Is -1 - (3/18 + (-393002)/12) a composite number?
False
Let i(z) = 2*z + 23. Let d be i(-10). Suppose d*u = 98 + 64. Let s = 89 + u. Is s composite?
True
Let g = -1219 - -3852. Is g prime?
True
Let h = -9 + -10. Let p(g) = -2*g**3 - 7*g**3 - 2*g**3 + 13*g**3 + 22*g**2 - 3*g + 11 - g**3. Is p(h) composite?
False
Let z(x) = 122*x**2 + 3. Suppose 10 = 2*p - 7*p. Is z(p) composite?
False
Suppose -s = -2*d + 2*s + 6001, 3*d - 9002 = 5*s. Is d prime?
True
Let q = 47 - 38. Let t(b) = 65*b - 28. Is t(q) composite?
False
Suppose u - g - 20062 = 0, u + 166*g = 165*g + 20064. Is u composite?
False
Let j = -168 - -281. Is j composite?
False
Let c be (-20)/(-1 + 6) - (1 + -4). Is c + 10/5 + 1480 composite?
False
Let s = -1431 + 6182. Is s a prime number?
True
Let z = 35 - 11. Suppose s - 347 = -3*m, -2*s - 5*m = -z - 670. Let d = -82 + s. Is d composite?
True
Suppose 7*v - 5337 = -2082. Let b = -191 + v. Is b composite?
True
Suppose 2*s = 5*d - 29, 0*s - s + 4*d - 7 = 0. Let m = 1106 + s. Is m prime?
False
Is (2 - 2 - 1)*76811/(-7) composite?
False
Let f(r) = -6725*r - 14. Is f(-3) composite?
False
Let c be -2 - (-5 - -3)*(-25)/(-10). Suppose c*f - 1379 - 544 = 0. Is f a composite number?
False
Let h = -7163 + 12900. Is h prime?
True
Let n = 73267 + -46112. Is n a prime number?
False
Let h(c) = 11*c**2 - 45*c + 99. Is h(-38) a prime number?
False
Let a = 128 + 131. Let n = 72 + a. Is n a prime number?
True
Suppose -5*n = -4 - 16. Let o(s) = 4*s**3 + s**2 - 2*s - 4. Let y be o(n). Let g = 443 - y. Is g a composite number?
True
Let c(n) = -2*n**2 - n - 9. Let h be c(8). Let d = -92 - h. Is d composite?
False
Suppose 281*m - 300*m = -71459. Is m a composite number?
False
Suppose -2630 = -19*x + 14*x. Suppose 0*a + x = t + 5*a, 4*a = 2*t - 1052. Is t a composite number?
True
Suppose 0 = -3*a - 12, -2*a = -4*v - v + 28. Suppose w = 3, u - 5*w = -v*u + 90. Is u prime?
False
Suppose -2*v + 2232 = 778. Suppose 3*a - v + 154 = 0. Is a composite?
False
Let u be 594/12 - (-18)/12. Let o be (1 - 0)*-1 + -1. Let y = u + o. Is y composite?
True
Let b(p) = 2*p**2 + p - 4. Let i be b(-2). Is i/(-4)*(-1567 - 3) composite?
True
Let f = 91419 + -37438. Is f a prime number?
False
Suppose 2*w - 2922 = 4*c, -2*w - 2*w - 2*c + 5834 = 0. Is w prime?
True
Suppose 2586 = 2*d - d + 5*a, -5*a + 5187 = 2*d. Let q = d - 652. Is q composite?
False
Suppose -7*q + 15652 = -16807. Is q a composite number?
False
Suppose 5*a + 3*u - 15551 = 0, 3*a + 5*u - 6085 - 3252 = 0. Is a a prime number?
True
Let h = -956 - -478. Let u = h + 805. Is u a prime number?
False
Suppose -m + 80 - 30 = 0. Let a be (534/(-5))/((-15)/m). Suppose 0 = 5*x - x - a. Is x prime?
True
Let y = 3 - 10. Let n = y + 7. Let u(o) = -o**2 + o + 53. Is u(n) a prime number?
True
Let n(d) = 38*d**2 - 5*d + 5. Let z be n(2). Suppose -3*w - 4*x = -2*w - 69, z = 3*w - 3*x. Is w a composite number?
False
Suppose 5*a - 2*a = -9, 3*c - 750 = -4*a. Is c a prime number?
False
Let y be (8 + -6)*6/(-4). Is 518/21*y/(-2) a composite number?
False
Suppose h + 2 = -0. Let i be 378 + (0 - 1/(-1)). Is ((-16)/8)/(h/i) a composite number?
False
Let n(j) = 18*j + 16*j**2 + 3*j**2 - 3 - 8*j**2 + j**3. 